{"id":2299,"date":"2022-09-07T20:45:44","date_gmt":"2022-09-07T18:45:44","guid":{"rendered":"http:\/\/donaladoll.com\/?page_id=2299"},"modified":"2025-11-10T10:11:40","modified_gmt":"2025-11-10T09:11:40","slug":"concerts-de-svinkels","status":"publish","type":"page","link":"https:\/\/donaladoll.com\/index.php\/concerts-de-svinkels\/","title":{"rendered":"Concerts de Svinkels"},"content":{"rendered":"<p style=\"text-align: center;\"><strong>RECHUTE TOUR 2021-2022<\/strong><\/p>\n<p style=\"text-align: center;\"><img loading=\"lazy\" decoding=\"async\" class=\"aligncenter wp-image-2331\" src=\"http:\/\/donaladoll.com\/wp-content\/uploads\/2022\/09\/085-200x300.jpg\" alt=\"\" width=\"300\" height=\"450\" srcset=\"https:\/\/donaladoll.com\/wp-content\/uploads\/2022\/09\/085-200x300.jpg 200w, https:\/\/donaladoll.com\/wp-content\/uploads\/2022\/09\/085-768x1152.jpg 768w, https:\/\/donaladoll.com\/wp-content\/uploads\/2022\/09\/085-700x1050.jpg 700w, https:\/\/donaladoll.com\/wp-content\/uploads\/2022\/09\/085.jpg 1845w\" sizes=\"(max-width: 300px) 100vw, 300px\" \/><\/p>\n<p style=\"text-align: center;\"><img loading=\"lazy\" decoding=\"async\" class=\"aligncenter wp-image-2332\" src=\"http:\/\/donaladoll.com\/wp-content\/uploads\/2022\/09\/093-300x200.jpg\" alt=\"\" width=\"450\" height=\"300\" srcset=\"https:\/\/donaladoll.com\/wp-content\/uploads\/2022\/09\/093-300x200.jpg 300w, https:\/\/donaladoll.com\/wp-content\/uploads\/2022\/09\/093-768x512.jpg 768w, https:\/\/donaladoll.com\/wp-content\/uploads\/2022\/09\/093-700x467.jpg 700w\" sizes=\"(max-width: 450px) 100vw, 450px\" \/><\/p>\n<p style=\"text-align: center;\">A\u00e9ronef, Lille &#8211; photos : @bobzombie_pics<\/p>\n<p style=\"text-align: center;\"><img loading=\"lazy\" decoding=\"async\" class=\"aligncenter wp-image-2312\" src=\"http:\/\/donaladoll.com\/wp-content\/uploads\/2022\/09\/IMG_6798-1-200x300.jpg\" alt=\"\" width=\"300\" height=\"450\" srcset=\"https:\/\/donaladoll.com\/wp-content\/uploads\/2022\/09\/IMG_6798-1-200x300.jpg 200w, https:\/\/donaladoll.com\/wp-content\/uploads\/2022\/09\/IMG_6798-1-768x1152.jpg 768w, https:\/\/donaladoll.com\/wp-content\/uploads\/2022\/09\/IMG_6798-1-700x1050.jpg 700w\" sizes=\"(max-width: 300px) 100vw, 300px\" \/><\/p>\n<p style=\"text-align: center;\"><img loading=\"lazy\" decoding=\"async\" class=\"aligncenter wp-image-2313\" src=\"http:\/\/donaladoll.com\/wp-content\/uploads\/2022\/09\/IMG_6822-1-200x300.jpg\" alt=\"\" width=\"300\" height=\"450\" srcset=\"https:\/\/donaladoll.com\/wp-content\/uploads\/2022\/09\/IMG_6822-1-200x300.jpg 200w, https:\/\/donaladoll.com\/wp-content\/uploads\/2022\/09\/IMG_6822-1-768x1152.jpg 768w, https:\/\/donaladoll.com\/wp-content\/uploads\/2022\/09\/IMG_6822-1-700x1050.jpg 700w\" sizes=\"(max-width: 300px) 100vw, 300px\" \/><\/p>\n<p style=\"text-align: center;\">Aucard de Tours\u00a0&#8211; photos :\u00a0@ninamagdas<\/p>\n<p style=\"text-align: center;\"><img loading=\"lazy\" decoding=\"async\" class=\"aligncenter wp-image-2310\" src=\"http:\/\/donaladoll.com\/wp-content\/uploads\/2022\/09\/Svinkels-300x213.jpg\" alt=\"\" width=\"450\" height=\"320\" srcset=\"https:\/\/donaladoll.com\/wp-content\/uploads\/2022\/09\/Svinkels-300x213.jpg 300w, https:\/\/donaladoll.com\/wp-content\/uploads\/2022\/09\/Svinkels-768x546.jpg 768w, https:\/\/donaladoll.com\/wp-content\/uploads\/2022\/09\/Svinkels-700x498.jpg 700w, https:\/\/donaladoll.com\/wp-content\/uploads\/2022\/09\/Svinkels.jpg 1540w\" sizes=\"(max-width: 450px) 100vw, 450px\" \/><\/p>\n<p style=\"text-align: center;\">Th\u00f4nex, Suisse &#8211; photo : Denis Charmot<\/p>\n<p style=\"text-align: center;\"><img loading=\"lazy\" decoding=\"async\" class=\"aligncenter wp-image-2308\" src=\"http:\/\/donaladoll.com\/wp-content\/uploads\/2022\/09\/PXL_20220312_212222694_3-275x300.jpeg\" alt=\"\" width=\"366\" height=\"400\" srcset=\"https:\/\/donaladoll.com\/wp-content\/uploads\/2022\/09\/PXL_20220312_212222694_3-275x300.jpeg 275w, https:\/\/donaladoll.com\/wp-content\/uploads\/2022\/09\/PXL_20220312_212222694_3-768x839.jpeg 768w, https:\/\/donaladoll.com\/wp-content\/uploads\/2022\/09\/PXL_20220312_212222694_3-700x765.jpeg 700w, https:\/\/donaladoll.com\/wp-content\/uploads\/2022\/09\/PXL_20220312_212222694_3.jpeg 1206w\" sizes=\"(max-width: 366px) 100vw, 366px\" \/><\/p>\n<p style=\"text-align: center;\">\u00c9lys\u00e9es Montmartre, Paris &#8211; photo : Faten<\/p>\n<p style=\"text-align: center;\"><img loading=\"lazy\" decoding=\"async\" class=\"aligncenter wp-image-2306\" src=\"http:\/\/donaladoll.com\/wp-content\/uploads\/2022\/09\/Photo-07-10-2021-22-03-27-200x300.jpg\" alt=\"\" width=\"300\" height=\"450\" srcset=\"https:\/\/donaladoll.com\/wp-content\/uploads\/2022\/09\/Photo-07-10-2021-22-03-27-200x300.jpg 200w, https:\/\/donaladoll.com\/wp-content\/uploads\/2022\/09\/Photo-07-10-2021-22-03-27-768x1152.jpg 768w, https:\/\/donaladoll.com\/wp-content\/uploads\/2022\/09\/Photo-07-10-2021-22-03-27-700x1050.jpg 700w\" sizes=\"(max-width: 300px) 100vw, 300px\" \/><\/p>\n<p style=\"text-align: center;\">Warehouse, Nantes &#8211; photo : @nunienfaitdesphotos<\/p>\n<p style=\"text-align: center;\"><strong>8.6 PARTY<\/strong><\/p>\n<p style=\"text-align: center;\"><img loading=\"lazy\" decoding=\"async\" class=\"aligncenter wp-image-2112\" src=\"http:\/\/donaladoll.com\/wp-content\/uploads\/2017\/02\/IMG-20210609-WA0045-300x225.jpg\" alt=\"\" width=\"500\" height=\"375\" srcset=\"https:\/\/donaladoll.com\/wp-content\/uploads\/2017\/02\/IMG-20210609-WA0045-300x225.jpg 300w, https:\/\/donaladoll.com\/wp-content\/uploads\/2017\/02\/IMG-20210609-WA0045-768x576.jpg 768w, https:\/\/donaladoll.com\/wp-content\/uploads\/2017\/02\/IMG-20210609-WA0045-700x525.jpg 700w, https:\/\/donaladoll.com\/wp-content\/uploads\/2017\/02\/IMG-20210609-WA0045.jpg 1600w\" sizes=\"(max-width: 500px) 100vw, 500px\" \/><\/p>\n<p style=\"text-align: center;\">Svinkels &#8211; 8.6 Party 2021,\u00a0<span class=\" _50f7\">La\u00a0Bellevilloise<\/span><\/p>\n<p style=\"text-align: center;\"><img loading=\"lazy\" decoding=\"async\" class=\"aligncenter wp-image-1124\" src=\"http:\/\/donaladoll.com\/wp-content\/uploads\/2017\/02\/64236360_1243582579134051_4749556074946756608_o-300x200.jpg\" alt=\"\" width=\"500\" height=\"333\" srcset=\"https:\/\/donaladoll.com\/wp-content\/uploads\/2017\/02\/64236360_1243582579134051_4749556074946756608_o-300x200.jpg 300w, https:\/\/donaladoll.com\/wp-content\/uploads\/2017\/02\/64236360_1243582579134051_4749556074946756608_o-768x512.jpg 768w, https:\/\/donaladoll.com\/wp-content\/uploads\/2017\/02\/64236360_1243582579134051_4749556074946756608_o-700x467.jpg 700w, https:\/\/donaladoll.com\/wp-content\/uploads\/2017\/02\/64236360_1243582579134051_4749556074946756608_o.jpg 1620w\" sizes=\"(max-width: 500px) 100vw, 500px\" \/><\/p>\n<p style=\"text-align: center;\">G\u00e9rard Baste &amp; Friends, 8.6 Party 2019,\u00a0<span class=\" _50f7\">La Tour Met Les Watts #3<\/span><\/p>\n<p style=\"text-align: center;\"><img loading=\"lazy\" decoding=\"async\" class=\"aligncenter wp-image-641\" src=\"http:\/\/donaladoll.com\/wp-content\/uploads\/2017\/02\/19055491_10213393296253577_405689895834175711_o-300x300.jpg\" alt=\"\" width=\"500\" height=\"500\" srcset=\"https:\/\/donaladoll.com\/wp-content\/uploads\/2017\/02\/19055491_10213393296253577_405689895834175711_o-300x300.jpg 300w, https:\/\/donaladoll.com\/wp-content\/uploads\/2017\/02\/19055491_10213393296253577_405689895834175711_o-150x150.jpg 150w, https:\/\/donaladoll.com\/wp-content\/uploads\/2017\/02\/19055491_10213393296253577_405689895834175711_o-768x768.jpg 768w, https:\/\/donaladoll.com\/wp-content\/uploads\/2017\/02\/19055491_10213393296253577_405689895834175711_o-700x700.jpg 700w, https:\/\/donaladoll.com\/wp-content\/uploads\/2017\/02\/19055491_10213393296253577_405689895834175711_o-100x100.jpg 100w, https:\/\/donaladoll.com\/wp-content\/uploads\/2017\/02\/19055491_10213393296253577_405689895834175711_o.jpg 1080w\" sizes=\"(max-width: 500px) 100vw, 500px\" \/><\/p>\n<p style=\"text-align: center;\">Svinkels &#8211; 8.6 Party, New Morning &amp; Yoyo\u00a0&#8211; juin 2017<\/p>\n","protected":false},"excerpt":{"rendered":"<p>RECHUTE TOUR 2021-2022 A\u00e9ronef, Lille &#8211; photos : @bobzombie_pics Aucard de Tours\u00a0&#8211; photos :\u00a0@ninamagdas Th\u00f4nex, Suisse &#8211; photo : Denis Charmot \u00c9lys\u00e9es Montmartre, Paris &#8211; photo : Faten Warehouse, Nantes [&hellip;]<\/p>\n","protected":false},"author":1,"featured_media":0,"parent":0,"menu_order":0,"comment_status":"closed","ping_status":"closed","template":"","meta":{"footnotes":""},"_links":{"self":[{"href":"https:\/\/donaladoll.com\/index.php\/wp-json\/wp\/v2\/pages\/2299"}],"collection":[{"href":"https:\/\/donaladoll.com\/index.php\/wp-json\/wp\/v2\/pages"}],"about":[{"href":"https:\/\/donaladoll.com\/index.php\/wp-json\/wp\/v2\/types\/page"}],"author":[{"embeddable":true,"href":"https:\/\/donaladoll.com\/index.php\/wp-json\/wp\/v2\/users\/1"}],"replies":[{"embeddable":true,"href":"https:\/\/donaladoll.com\/index.php\/wp-json\/wp\/v2\/comments?post=2299"}],"version-history":[{"count":9,"href":"https:\/\/donaladoll.com\/index.php\/wp-json\/wp\/v2\/pages\/2299\/revisions"}],"predecessor-version":[{"id":3142,"href":"https:\/\/donaladoll.com\/index.php\/wp-json\/wp\/v2\/pages\/2299\/revisions\/3142"}],"wp:attachment":[{"href":"https:\/\/donaladoll.com\/index.php\/wp-json\/wp\/v2\/media?parent=2299"}],"curies":[{"name":"wp","href":"https:\/\/api.w.org\/{rel}","templated":true}]}}